5
Let a(t) = 37*t + 12. Let j be a(6). Let q = -160 + j. What is the tens digit of q?
7
Let y(m) = m + 1. Let c be y(3). Suppose 2*j - 2*w - 3 = -7, -c*j - w = -12. Let u(s) = 9*s**2 - s - 4. What is the units digit of u(j)?
0
Suppose -3*c = c - 8. Suppose j = c*j - 5, -5*j = 4*m - 17. What is the units digit of (15/4)/(m/(-8))?
5
What is the units digit of (-5752)/(-12) - (-2)/12*4?
0
Suppose 32*t - 4625 = 7*t. What is the tens digit of t?
8
Let t(d) = -d**3 - 26*d**2 + 53*d - 34. Let j be t(-29). Suppose -9*v = -j - 956. What is the tens digit of v?
1
Suppose 2*n - 4*i + 5*i - 269 = 0, -139 = -n + i. What is the tens digit of n?
3
Let y(r) = -278*r + r**3 - r**2 + 270*r + 3 - 3*r**2 + 0*r**2. What is the tens digit of y(6)?
2
Suppose b - 208 = -7*b. Let x = -5 + b. What is the units digit of x?
1
Let t(j) = -j - 1. Let y be t(-1). Suppose -3*o + 330 = -426. Suppose 5*v - 9*v + o = y. What is the units digit of v?
3
Suppose 0 = 4*r - r - 5*z - 36, 0 = -r + z + 12. Suppose -4*v + 7*v - r = 0. What is the units digit of (v/(-6))/((-4)/66)?
1
Let n(y) = 8*y - 2 + 0*y - 28. What is the tens digit of n(6)?
1
Let q = 1860 - -2427. What is the units digit of q?
7
Suppose 5*h - 2*w = -6, -3*w + 2 = -4*h - 0*h. Let u(n) = n**3 - n**2 + 1. Let f be u(h). What is the tens digit of (f - (0 + -1))*-2?
2
Suppose -4*g + 2*p = -30, 3*p + 35 = -3*g + 8*g. Let v(k) = -k**2 + 10*k + 3. Let j be v(g). Suppose -j*w = -4*w + 4. What is the units digit of w?
4
Suppose -510*w + 516*w = 9348. What is the units digit of w?
8
Let z be (0 - 2)*15/(-10). Suppose 3*m + 2*m = -4*r - 2, m - z*r = 11. Suppose -8 - 12 = -m*g. What is the tens digit of g?
1
Let x(d) = -d**3 - 5*d**2 - 8*d - 10. Let q be x(-7). Suppose 5*m - q = 8*m. Let b = 8 - m. What is the units digit of b?
6
What is the hundreds digit of (-2580)/(-6) + 4 - 6?
4
Let x = 123 - -31. Let g = x - 92. What is the tens digit of g?
6
Suppose -10*h = -6*h + 2*f - 7394, 5*f + 5 = 0. What is the hundreds digit of h?
8
Let d = -7 + 7. Let k(w) = -w + 40. Let p be k(d). Suppose p = 3*x + 7. What is the units digit of x?
1
Let p(l) = -2*l**2 + 2*l**2 - 4*l**2 + 3*l**2 + 23*l + 14. What is the tens digit of p(21)?
5
Suppose -c = -9 + 6. Suppose 5*b - 335 = -5*u, -c*u - 155 - 46 = -3*b. What is the tens digit of b?
6
Let m(b) = -b**3 + 8*b**2 - 8*b + 11. Suppose 7*z + 4 = 11*z. Let a(p) = 5*p**2 - p + 1. Let d be a(z). What is the tens digit of m(d)?
4
Let n(k) = -k + 6. Let p = 7 + -1. Let x be n(p). Suppose t - 13 = -x*t. What is the tens digit of t?
1
Suppose 4*r = 5*a + 5064, -10*a + 5064 = 4*r - 6*a. What is the units digit of r?
6
Let a be -57*(-1 + 2/(-3)). Let p = -54 + a. Suppose g = 4*q + p, q = 5*g + 2*q - 205. What is the units digit of g?
1
Suppose -n - 34 = -3*j, -2*j + 57 = 3*j - 2*n. Let t(l) = -l**2 + 13*l - 5. Let a be t(j). Suppose 0*m = i - m - a, -i = m - 21. What is the tens digit of i?
1
Let n(b) = 231*b**2 - 5*b - 11. What is the tens digit of n(-2)?
2
Suppose 14 = 4*p - 2*n - 6, 0 = 5*p - n - 25. Suppose 4*k = -p*d + 16, 2*k + 3*k - d = -9. What is the tens digit of k/((-66)/(-34) + -2)?
1
Let y(k) = 8*k + 3. Let x be y(4). Let o = 7 - 34. Let q = o + x. What is the units digit of q?
8
Let g be (30/(-9))/((-9)/(-27)). Let x(n) = n**2 + 8*n + 4. Let a be x(g). Suppose -b = 5*f + 10, -5*b + a = -3*f - 66. What is the units digit of b?
5
Suppose -24*m = 13332 - 49044. What is the units digit of m?
8
Let a = -410 + 2223. What is the tens digit of a?
1
Let m(q) = -q**3 - 6*q**2 - 5*q + 9. Let f be m(-5). Let l(o) = -o**3 + 11*o**2 - 13*o + 18. What is the tens digit of l(f)?
6
Let u be ((-78)/8)/(6/(-136)). Let i = 309 - u. What is the tens digit of i?
8
Let a(g) = -g**2 - 7*g + 10. Let c be a(-8). Suppose f + 2*f + 7 = -c*k, -2*k - 1 = f. What is the units digit of k?
1
Suppose q + 4*q - 20 = 0. Suppose -236 = -q*i + 272. What is the units digit of i?
7
What is the tens digit of 5/(-4 - -14) + (-810)/(-4)?
0
Let m(h) = -10*h**2 + 17 - 44 + 16*h + 19 - h**3. What is the tens digit of m(-12)?
8
Let q = -17 + 21. Suppose -4*f + k = q*k - 9, -k = 5*f - 25. What is the tens digit of 388/20 - f/15?
1
Suppose 5*l = 2*l + 9. Let z be (-33)/(-6) - 3/6. Suppose 3*v = 5*s - 150, z*s = -6*v + l*v + 150. What is the tens digit of s?
3
Let s(w) = 116*w + 460. What is the units digit of s(20)?
0
Let a be (24/(-16))/(6/(-8)). What is the units digit of (a/(-4) + 0)*-128?
4
Let c be 2*(-2 + 1)*9. What is the units digit of ((-139)/(-3) + 1)*(-27)/c?
1
Let y = -46 + 82. Suppose m = y + 35. What is the tens digit of m?
7
Suppose 0 = 6*k + k - 98. Let d = k - 14. Suppose 5*i - 189 - 101 = d. What is the units digit of i?
8
Let i = 2272 + 340. What is the thousands digit of i?
2
Let y = -14 - -24. Let i be ((-24)/y)/((-18)/45). Suppose -i*w = -2*w - 52. What is the units digit of w?
3
What is the units digit of (-71)/(-6 + 138/24)?
4
Let d be (((-180)/25)/4)/(1/5). Let z(n) = n**3 + 10*n**2 - 20*n - 12. What is the hundreds digit of z(d)?
2
Suppose -1382 = 2*z - 5254. What is the tens digit of z?
3
Suppose -2*d = -4*i - 22, 5*d - 9 = -5*i + 1. Suppose -3*t = w - 675, -d*t + 3*w = -815 - 310. What is the units digit of t?
5
Let c = -13 - -11. Let d be c/(-2) + (1 - 0). Suppose -t + 9 = -3*s, -d*s - 21 = -4*t + 15. What is the units digit of t?
9
Let t be ((-11237)/(-34))/((-1)/(-2)). Suppose 3*a - t + 100 = 0. What is the hundreds digit of a?
1
What is the hundreds digit of (1070/6)/(26/78)?
5
Let y(n) = n**3 - 10*n**2 - n + 12. Let v be y(10). What is the hundreds digit of ((-24)/(-9) - 0)*75/v?
1
Let w be (12/(-16))/(1/(-132) - 0). Let a = w + -34. What is the units digit of a?
5
What is the hundreds digit of (-1 - 9)/(11/(-10*33))?
3
Let h(s) = s**3 + 9*s**2 - 6*s - 4. Let g be h(-9). Let i = 10 + -5. Suppose -i*v + g = -3*v. What is the tens digit of v?
2
Suppose 8*j = 206 + 386. Suppose -w + j = -2*z, -4*z = 5*w + 116 - 430. What is the tens digit of w?
6
Let x be (-56)/(-8)*((-18)/(-21))/2. What is the units digit of ((-180)/(9/(-3)))/(x/3)?
0
Suppose -2*d + 2616 = 5*q, -d + 2632 = d - 3*q. What is the tens digit of d?
1
Suppose 0 = 37*d + 13412 - 59477. What is the thousands digit of d?
1
Let f = 113 + -39. What is the tens digit of (-1)/(-2)*(8 + f)?
4
Suppose -21*m - 117 = -12*m. Let c(l) = -9*l + 77. What is the hundreds digit of c(m)?
1
Suppose 4*k - 134 - 1467 = -z, 5*k - 1985 = 2*z. What is the tens digit of k?
9
Let j = 91 - 86. Suppose 30 = j*h + 4*l, 3*h - 4*l - l + 19 = 0. What is the units digit of h?
2
Suppose 0*h - h + 24 = 5*f, -32 = -5*h - 3*f. Suppose w - 48 = h*w. What is the tens digit of 30/((-4)/(w/6))?
2
Let n = -4 + 6. Suppose -b = n*u - 92, -5*b = -u - u + 68. Suppose u = -p + 3*p. What is the tens digit of p?
2
Let z = 76 + -231. Let h = z - -272. What is the units digit of h?
7
Let g(b) be the third derivative of 11/3*b**3 + 0*b + 7*b**2 + 0 - 1/24*b**4. What is the tens digit of g(0)?
2
Let p(d) = d**2 + 5*d - 18. Let z be p(-8). Suppose -z*m = -5*m - 118. What is the hundreds digit of m?
1
What is the hundreds digit of (-4)/((-80)/(-15) + -5)*-10?
1
Suppose -167*r + 169*r = 3132. What is the thousands digit of r?
1
Let z be (4/(-5))/(3/30). Let r be (-50)/z + (-1)/4. Suppose 3 = r*k - 69. What is the tens digit of k?
1
Let u(p) be the first derivative of -p**3/3 - 7*p**2/2 - 3*p + 8. Let d be u(-6). Suppose 0 = -d*r - h + 91, -3*r + h = -2*r - 37. What is the units digit of r?
2
Let i = 297 + -287. What is the units digit of i?
0
Let g = -14 - 33. Let k = 3 - g. What is the units digit of k?
0
Let m(g) = -g**3 - 2*g**2 + 8*g. Let l be m(-4). Suppose 5*f - 755 - 245 = l. What is the units digit of f?
0
What is the thousands digit of (-6)/57 + (-28616)/(-19)?
1
Let a(t) = -t**3 - 3*t**2 - 2*t. Let l be a(-2). Let d(x) = x**2 + 2*x + 70. What is the tens digit of d(l)?
7
Let l(r) be the third derivative of r**4/3 + 29*r**3/6 + 18*r**2. What is the units digit of l(0)?
9
Let k(r) = -r**2 - 4*r. Let m be k(-4). Let z = 54 - 50. What is the units digit of m + z - (-6 + -4)?
4
Let c(v) = -108*v + 24. What is the tens digit of c(-2)?
4
Let g be 9/6 + (-4)/(-8) + 75. Let z = 96 - g. What is the tens digit of z?
1
Let m = -30 + 19. Let w(f) = 11*f**2 - 3*f - 10*f**2 + 14 + 8*f + 5*f. What is th